at is the tens digit of x?
5
Let n(i) be the second derivative of i**4/2 - i**3 + 3*i**2 - 5*i. Let w be n(4). Suppose -q + 3*m = -24, q + 2*q - w = 3*m. What is the tens digit of q?
2
Let k(w) be the first derivative of 3*w**2 - 3*w + 2. Let d be k(5). Suppose 4*l - 12 = -0, -d = -3*m + l. What is the tens digit of m?
1
Let q be (3 - 4)*12*16/(-6). Let h(f) = -f**2 - f + 2. Let m be h(2). What is the units digit of 8/q + (-111)/m?
8
Let l be 4 - (-2 - -16)/2. What is the tens digit of 57 - (-2)/(1 + l)?
5
Let l(i) = -i. Let h(v) = 7*v + 4. Let o(a) = 3*h(a) + 6*l(a). What is the units digit of o(10)?
2
Let j(h) be the first derivative of 4*h**3/3 + 7*h**2 + 4*h - 3. What is the units digit of j(-7)?
2
Suppose -46 = -2*f - 5*o, 0 = 3*f - f + 3*o - 38. Let a = 59 - f. What is the units digit of a?
6
Suppose -13*b + 5*b + 912 = 0. What is the units digit of b?
4
Let h = -25 - -27. Suppose -h*u = -5*r + r + 296, -2*u = -4. What is the units digit of r?
5
Let r(b) = 4*b**3 + 4*b**2 + 3*b. Let f(j) = -3*j**3 - 3*j**2 - 2*j + 1. Let t(n) = -3*f(n) - 2*r(n). Let h be t(0). What is the units digit of h/(1/3*-1)?
9
Suppose 0 = 4*i - 2053 - 27. What is the hundreds digit of i?
5
Let c = 489 + -335. What is the hundreds digit of c?
1
Let p = 31 + -27. Suppose -p*y + 15*y - 363 = 0. What is the tens digit of y?
3
What is the tens digit of 4*(2 + -6 + 416)?
4
Let i(j) = -3*j + 15. Let b be i(5). Suppose b = -2*x + 3*n - 30, -3*n = -x + 2*n - 29. Let m(l) = -5*l - 20. What is the tens digit of m(x)?
2
What is the units digit of (-4 - -2)/(4/(-766))?
3
Let z(f) = f**2 + 11*f + 16. Let u be z(-14). Let i = -4 + u. What is the units digit of i?
4
Let r be ((-8)/24)/(1 + 14/(-15)). What is the tens digit of 44/110 - 358/r?
7
Suppose 450 = -3*z + 174. Let m = 133 + z. What is the tens digit of m?
4
Let b = -37 - -17. Let v be 5/b - (-226)/8. Suppose v = o - 0*o. What is the units digit of o?
8
Let h be -3 + (-1 - -52 - 3). Let c = -91 + h. What is the units digit of c/(-6) - 5/(-15)?
8
Let c = -623 - -979. Let y = -1109 + 1114. Suppose -z = -3*p + 149 + 59, -c = -y*p - 3*z. What is the units digit of p?
0
Suppose -5*u + 13 = -3*l, 0*l + 3*u - 9 = 2*l. Let p(k) = -2013*k**2 + 10 + 2014*k**2 - 2 + 6*k. What is the units digit of p(l)?
8
What is the tens digit of ((-22824)/54)/((-4)/54)?
0
Let g(f) = -34*f + 42. What is the hundreds digit of g(-12)?
4
What is the units digit of ((-4110)/40)/(1/(-4))?
1
Suppose h + 87 = 4*h. Let z = h - 14. What is the units digit of z?
5
Suppose -11*m - 447 + 172 = 0. Let x = 82 + m. What is the tens digit of x?
5
Let b(y) = y**2 - 10*y - 1. Let t be b(9). Let c = t + 8. What is the units digit of (56/20 + c)*5?
4
What is the units digit of (4 + 2 + 8)*2?
8
Let k = 8 + 1966. What is the thousands digit of k?
1
What is the tens digit of (-185)/(-2) + 2 + (-17)/(-34)?
9
Suppose 30 = 5*v - 5. Let r = 10 - v. Suppose -r*j + 11 = 2. What is the units digit of j?
3
Suppose -5 = 8*j - 13. What is the hundreds digit of 107/j + (-6 - -5)?
1
Let c = 258 + -375. Let m = c + 201. What is the tens digit of m?
8
Suppose -1 = s - 5*w, 4*w - 7 = -3. Let j be (s - -4)/((-2)/(-4)). What is the units digit of 72/j - (-2)/(-4)?
4
Let c(d) = -d. Suppose -2*v - 50 - 3 = -5*h, -33 = 2*v - h. Let b be c(v). Let u = -10 + b. What is the units digit of u?
4
Suppose o + 3*o - 120 = 0. Suppose h - o = -h. What is the units digit of (1 + -6)/(h/(-30))?
0
Let q = -97 - -100. Let c be 1 + (-3)/((-3)/58). Suppose -16 = -q*j + c. What is the units digit of j?
5
Suppose 1 = -8*t - 7. What is the tens digit of (t - 5) + 3 + 36?
3
Suppose 25*i - 2*l = 24*i + 178, -2*l - 850 = -5*i. What is the hundreds digit of i?
1
Let q(p) = -105*p + 52. What is the tens digit of q(-11)?
0
Let q(g) = g**3 + 18*g**2 - 48*g + 13. What is the hundreds digit of q(-14)?
4
Suppose -6 = -2*d - d. Let x(k) = 5*k - 5 + 3*k**d - 5*k - 4*k. What is the tens digit of x(4)?
2
Let y(v) = 8*v**2 + 10*v + 51. What is the hundreds digit of y(-9)?
6
Let p be (1 - 3 - -141)*-1. Let x = 2 - p. What is the units digit of x?
1
Let m be (-36)/(-234) - 1634/(-26). Let d = m + -40. What is the units digit of d?
3
Let w(f) = f**3 + 7*f**2 + f - 9. Let r be w(-5). Suppose 4*b + r = 116. What is the tens digit of b?
2
Let w be (2/(-4))/(1/(-6)). Suppose 66*q + 6 = 72*q. Suppose 0 = -w*l - q + 13. What is the units digit of l?
4
Suppose 2*t = d + 4*t - 11, t = 4*d - 17. Suppose -6*u + 240 = -u - d*f, u - 54 = -2*f. What is the units digit of u?
0
Let i = -18 + 4. What is the tens digit of (2 - 1)/(i/(-1442))?
0
Suppose 12*s - s = 2112. What is the tens digit of s?
9
Suppose 4*q = -q. Suppose 2*u + q*u = 30. Let h = u + 8. What is the tens digit of h?
2
Let l = 4604 + -1810. What is the hundreds digit of l?
7
Let f(h) = -459 + h**2 - 14*h + 3*h**2 + 462. What is the units digit of f(6)?
3
What is the hundreds digit of 14*(-6)/12 - -2213?
2
Let g = -1567 + 2625. What is the thousands digit of g?
1
Let s(v) = -v**3 - 5*v**2 + 23*v - 11. What is the units digit of s(-12)?
1
Let x(h) = 28*h**2 + 2*h + 2. Let w be x(-1). What is the units digit of w*(4 - 7/2)?
4
Suppose 153 = -3*x + 2*f, -x - 2*f - 34 = 3*f. Let k = 57 + x. What is the units digit of k?
8
Let u(i) = i**2 + i + 1. Let f(r) be the second derivative of -5*r**4/12 + r**3/6 - r**2/2 + 3*r. Let c(b) = -f(b) - 6*u(b). What is the units digit of c(-6)?
1
Let z = 121 + 47. Suppose -5*m = -2*m - z. What is the units digit of m?
6
Suppose 2*s - 4742 = -8*d + 3*d, 0 = d - 3*s - 962. What is the tens digit of d?
5
Let t(f) = -f**2 - 4*f + 159. What is the units digit of t(0)?
9
Suppose 228*i - 20 = 218*i. Let w = 2 - -3. Suppose 0 = -f + i + w. What is the units digit of f?
7
What is the hundreds digit of (598/(-5))/((-6 + 18)/(-120))?
1
Suppose -9*h + 5407 = 106. What is the hundreds digit of h?
5
Suppose 4*q - 54 = -5*c - 173, 2*c + 134 = -4*q. Let w = 164 + q. What is the units digit of w?
8
Let u = -399 - -579. What is the hundreds digit of u?
1
What is the units digit of -2 + ((-2)/((-10)/2215) - -4)?
5
Let o(m) = -m. Let t be o(-5). Suppose -2*l - 120 = -t*l. What is the tens digit of l?
4
Suppose 6*o = o + 25. Suppose -3*b + 4*b + 22 = 5*h, -o*h + 31 = 2*b. Suppose -3*x - 222 = -4*y - x, -b*x = -3*y + 171. What is the units digit of y?
4
Suppose f - 264 = 3*t - t, 2*t = -2*f + 498. Suppose -25*q + f = -23*q. What is the units digit of q?
7
Let v(n) = -n**3 - 7*n**2 - 3*n + 5. Let o be v(-4). Let x = o - -41. Suppose 5*k - x*k + 5 = 0. What is the units digit of k?
1
Let b = -43 + 70. Let g be (0 - -5)*b/5. Suppose -4*r = -r - g. What is the units digit of r?
9
Let d(k) = k**2 - 8*k - 8. Let h be d(-8). Suppose 5*x - h = 150. What is the units digit of x?
4
Let d = 1772 - 69. What is the thousands digit of d?
1
Suppose 4598 = 3*i - 4*a, 4*i - 3*a - 6649 = -516. What is the hundreds digit of i?
5
Suppose 5*g + 25 - 5 = 0. Let x be 13 + 3*g/12. Suppose 0*t + x = 3*t. What is the units digit of t?
4
Let c be ((-6)/(-18))/((-1)/27). What is the units digit of ((-890)/(-15))/((-6)/c)?
9
Let y be 4/(-14) - (-28)/98. Suppose 5*c + 0 - 25 = y. Suppose j - 3*a - 34 = 0, -5*a + 95 = c*j + 25. What is the units digit of j?
9
Suppose -o - 4 = -3*o. Let y(p) = o + 0 + p + 7. What is the units digit of y(-7)?
2
Let b(q) = 24*q**2 - q - 29. What is the units digit of b(-6)?
1
Suppose 0 = -36*z + 31871 + 139777. What is the tens digit of z?
6
Let u(w) = 8. Let z(c) = -c. Let n(d) = u(d) + 5*z(d). What is the units digit of n(-8)?
8
Suppose -23 = -5*u + 22. Suppose -o - o + f + u = 0, -5*f - 35 = -5*o. What is the units digit of 3 - 10/o - -28?
6
Suppose -5*x + 88 = -x. Let t = x + -25. What is the units digit of ((-6)/(-2) + -4)*t?
3
Suppose 61*o - 51*o - 2070 = 0. What is the units digit of o?
7
Suppose -5*c = -2*h + 212, 3*h - 7*h = 4*c - 480. What is the hundreds digit of (-5676)/(-45) - (4 + h/(-30))?
1
Let f(m) = -m**2 - 2*m + 3. Let d be f(2). Let g = d + 7. Suppose 2*o + 38 = g*v, -4*v = o - 43 - 58. What is the units digit of v?
4
Let g = 1190 - -381. What is the units digit of g?
1
Let x(c) = 22*c**3 + 2*c**2 - 6*c - 3. What is the tens digit of x(3)?
9
Let k = 45 - 24. Suppose -k = -4*z + 3. What is the units digit of z?
6
What is the hundreds digit of 1175